e prime factors of 4485.
3, 5, 13, 23
List the prime factors of 3765.
3, 5, 251
What are the prime factors of 123007?
123007
List the prime factors of 665.
5, 7, 19
What are the prime factors of 3040?
2, 5, 19
What are the prime factors of 143159?
143159
List the prime factors of 2198.
2, 7, 157
What are the prime factors of 96770?
2, 5, 9677
What are the prime factors of 8725?
5, 349
What are the prime factors of 2992?
2, 11, 17
What are the prime factors of 3049?
3049
List the prime factors of 1891.
31, 61
What are the prime factors of 485?
5, 97
List the prime factors of 6811.
7, 139
List the prime factors of 53027.
13, 4079
List the prime factors of 72216.
2, 3, 17, 59
What are the prime factors of 934?
2, 467
What are the prime factors of 18178?
2, 61, 149
What are the prime factors of 95086?
2, 47543
List the prime factors of 4018.
2, 7, 41
What are the prime factors of 710?
2, 5, 71
List the prime factors of 55404.
2, 3, 19
List the prime factors of 825.
3, 5, 11
What are the prime factors of 87836?
2, 7, 3137
List the prime factors of 851.
23, 37
What are the prime factors of 943?
23, 41
What are the prime factors of 81461?
29, 53
What are the prime factors of 11721?
3, 3907
What are the prime factors of 10367?
7, 1481
List the prime factors of 3433.
3433
What are the prime factors of 1078?
2, 7, 11
What are the prime factors of 38411?
71, 541
List the prime factors of 446.
2, 223
What are the prime factors of 9235?
5, 1847
What are the prime factors of 6214?
2, 13, 239
List the prime factors of 35557.
31, 37
What are the prime factors of 871?
13, 67
List the prime factors of 1082.
2, 541
List the prime factors of 13149.
3, 487
What are the prime factors of 5254?
2, 37, 71
List the prime factors of 33823.
149, 227
List the prime factors of 17088.
2, 3, 89
What are the prime factors of 16572?
2, 3, 1381
What are the prime factors of 26133?
3, 31, 281
List the prime factors of 384.
2, 3
List the prime factors of 16944.
2, 3, 353
What are the prime factors of 138978?
2, 3, 7, 1103
What are the prime factors of 552?
2, 3, 23
List the prime factors of 23777.
13, 31, 59
List the prime factors of 23273.
17, 37
What are the prime factors of 1053?
3, 13
What are the prime factors of 10684?
2, 2671
What are the prime factors of 6711?
3, 2237
What are the prime factors of 11491?
11491
What are the prime factors of 375?
3, 5
What are the prime factors of 1313?
13, 101
What are the prime factors of 1878?
2, 3, 313
List the prime factors of 79812.
2, 3, 739
List the prime factors of 247.
13, 19
What are the prime factors of 1245?
3, 5, 83
List the prime factors of 2006.
2, 17, 59
List the prime factors of 641.
641
What are the prime factors of 1073?
29, 37
What are the prime factors of 3755?
5, 751
List the prime factors of 63664.
2, 23, 173
List the prime factors of 18054.
2, 3, 17, 59
List the prime factors of 2659.
2659
List the prime factors of 12217.
19, 643
List the prime factors of 2161.
2161
What are the prime factors of 13779?
3, 1531
What are the prime factors of 114924?
2, 3, 61, 157
List the prime factors of 13384.
2, 7, 239
List the prime factors of 20726.
2, 43, 241
List the prime factors of 2158.
2, 13, 83
List the prime factors of 3677.
3677
What are the prime factors of 4667?
13, 359
What are the prime factors of 6147?
3, 683
What are the prime factors of 288?
2, 3
List the prime factors of 1739.
37, 47
List the prime factors of 4632.
2, 3, 193
List the prime factors of 25752.
2, 3, 29, 37
List the prime factors of 126210.
2, 3, 5, 7, 601
What are the prime factors of 5494?
2, 41, 67
What are the prime factors of 10972?
2, 13, 211
List the prime factors of 6609.
3, 2203
List the prime factors of 39024.
2, 3, 271
List the prime factors of 84251.
173, 487
What are the prime factors of 247?
13, 19
List the prime factors of 90109.
251, 359
What are the prime factors of 26062?
2, 83, 157
What are the prime factors of 40?
2, 5
List the prime factors of 39005.
5, 29, 269
What are the prime factors of 102405?
3, 5, 6827
What are the prime factors of 2252?
2, 563
List the prime factors of 4768.
2, 149
List the prime factors of 44201.
44201
List the prime factors of 2112.
2, 3, 11
What are the prime factors of 54202?
2, 41, 661
What are the prime factors of 149938?
2, 61, 1229
What are the prime factors of 22628?
2, 5657
List the prime factors of 100.
2, 5
List the prime factors of 117253.
37, 3169
What are the prime factors of 5742?
2, 3, 11, 29
List the prime factors of 3438.
2, 3, 191
What are the prime factors of 9131?
23, 397
What are the prime factors of 360?
2, 3, 5
List the prime factors of 49473.
3, 23, 239
List the prime factors of 2088.
2, 3, 29
What are the prime factors of 1380?
2, 3, 5, 23
List the prime factors of 60229.
13, 41, 113
What are the prime factors of 524?
2, 131
List the prime factors of 2888.
2, 19
List the prime factors of 166.
2, 83
What are the prime factors of 2622?
2, 3, 19, 23
List the prime factors of 136047.
3, 101, 449
List the prime factors of 4829.
11, 439
List the prime factors of 1040.
2, 5, 13
What are the prime factors of 6874?
2, 7, 491
What are the prime factors of 150?
2, 3, 5
What are the prime factors of 18254?
2, 9127
List the prime factors of 2303.
7, 47
What are the prime factors of 2490?
2, 3, 5, 83
List the prime factors of 11122.
2, 67, 83
List the prime factors of 3651.
3, 1217
What are the prime factors of 17078?
2, 8539
List the prime factors of 835.
5, 167
List the prime factors of 28628.
2, 17, 421
List the prime factors of 646.
2, 17, 19
List the prime factors of 5632.
2, 11
What are the prime factors of 591?
3, 197
List the prime factors of 4327.
4327
What are the prime factors of 572?
2, 11, 13
What are the prime factors of 574?
2, 7, 41
List the prime factors of 490.
2, 5, 7
List the prime factors of 84593.
29, 2917
What are the prime factors of 23713?
23, 1031
What are the prime factors of 938?
2, 7, 67
List the prime factors of 822.
2, 3, 137
List the prime factors of 20620.
2, 5, 1031
What are the prime factors of 19979?
19979
List the prime factors of 3629.
19, 191
List the prime factors of 71140.
2, 5, 3557
List the prime factors of 21215.
5, 4243
What are the prime factors of 2178?
2, 3, 11
What are the prime factors of 84?
2, 3, 7
List the prime factors of 365.
5, 73
List the prime factors of 3510.
2, 3, 5, 13
What are the prime factors of 5113?
5113
What are the prime factors of 33178?
2, 53, 313
What are the prime factors of 447?
3, 149
List the prime factors of 17652.
2, 3, 1471
What are the prime factors of 1014?
2, 3, 13
List the prime factors of 2479.
37, 67
What are the prime factors of 360?
2, 3, 5
List the prime factors of 1106.
2, 7, 79
What are the prime factors of 8465?
5, 1693
What are the prime factors of 19971?
3, 7, 317
What are the prime factors of 11317?
11317
What are the prime factors of 835?
5, 167
List the prime factors of 37178.
2, 29, 641
What are the prime factors of 154150?
2, 5, 3083
What are the prime factors of 32040?
2, 3, 5, 89
List the prime factors of 53159.
17, 53, 59
What are the prime factors of 4591?
4591
List the prime factors of 33929.
7, 37, 131
List the prime factors of 22407.
3, 7, 11, 97
List the prime factors of 2694.
2, 3, 449
What are the prime factors of 4498?
2, 13, 173
List the prime factors of 28100.
2, 5, 281
List the prime factors of 639.
3, 71
List the prime factors of 27480.
2, 3, 5, 229
List the prime factors of 2236.
2, 13, 43
What are the prime factors of 14460?
2, 3, 5, 241
List the prime factors of 24.
2, 3
What are the prime factors of 13338?
2, 3, 13, 19
List the prime factors of 701.
701
List the prime factors of 32245.
5, 6449
List the prime factors of 835.
5, 167
List the prime factors of 196539.
3, 7, 191
List the prime factors of 52086.
2, 3, 8681
List the prime factors of 1175.
5, 47
What are the prime factors of 33038?
2, 16519
What are the prime factors of 1985?
5, 397
What are the prime factors of 13864?
2, 1733
List the prime factors of 6037.
6037
What are the prime factors of 13351?
13, 79
List the prime factors of 1331.
11
What are the prime factors of 4224?
2, 3, 11
What are the prime factors of 9076?
2, 2269
What are the prime factors of 1802?
2, 17, 53
What are the prime factors of 5559?
3, 17,